{"id":9,"date":"2018-11-06T16:35:33","date_gmt":"2018-11-06T19:35:33","guid":{"rendered":"http:\/\/fernandezcaetano.com\/?page_id=9"},"modified":"2020-07-08T23:52:47","modified_gmt":"2020-07-09T02:52:47","slug":"areas-de-practica","status":"publish","type":"page","link":"https:\/\/fernandezcaetano.com\/index.php\/areas-de-practica\/","title":{"rendered":"\u00c1reas de pr\u00e1ctica"},"content":{"rendered":"<h5><span style=\"color: #000000;\">Nuestros clientes conf\u00edan en nosotros la protecci\u00f3n de sus bienes y patrimonio tanto en el \u00e1mbito familiar como comercial, la relaciones obrero-patronales, las relaciones familiares, la responsabilidad civil por da\u00f1os, el derecho previsional, conflictos penales. Nuestros profesionales en especial, acreditan una probada experiencia en:<\/span><\/h5>\n<h5><span style=\"color: #333333;\"><em>DERECHO DE DA\u00d1OS:<\/em><\/span><\/h5>\n<ul>\n<li><span style=\"color: #000000;\">Asesoramiento y representaci\u00f3n en materia de responsabilidad civil por da\u00f1os<\/span><\/li>\n<li><span style=\"color: #000000;\">Responsabilidad Contractual.<\/span><\/li>\n<li><span style=\"color: #000000;\">Incumplimiento de contratos<\/span><\/li>\n<li><span style=\"color: #000000;\">Responsabilidad profesional (Mala Praxis).<\/span><\/li>\n<li><span style=\"color: #000000;\">Responsabilidad derivada del transporte.<\/span><\/li>\n<li><span style=\"color: #000000;\">Da\u00f1os al consumidor.<\/span><\/li>\n<li><span style=\"color: #000000;\">Accidentes de Tr\u00e1nsito.<\/span><\/li>\n<li><span style=\"color: #000000;\">Responsabilidad del Estado.<\/span><\/li>\n<\/ul>\n<h5><em>RELACIONES CONTRACTUALES:<\/em><\/h5>\n<ul>\n<li><span style=\"color: #000000;\">Incumplimiento contractual.<\/span><\/li>\n<li><span style=\"color: #000000;\">Negociaci\u00f3n y redacci\u00f3n de todo tipo de contratos civiles y comerciales.<\/span><\/li>\n<\/ul>\n<h5><span style=\"color: #333333;\"><em>DERECHO DE FAMILIA:<\/em><\/span><\/h5>\n<ul>\n<li><span style=\"color: #000000;\">Divorcios.<\/span><\/li>\n<li><span style=\"color: #000000;\">R\u00e9gimen de comunicaci\u00f3n.<\/span><\/li>\n<li><span style=\"color: #000000;\">R\u00e9gimen alimentario.<\/span><\/li>\n<li><span style=\"color: #000000;\">Filiaci\u00f3n.<\/span><\/li>\n<li><span style=\"color: #000000;\">R\u00e9gimen de adopci\u00f3n.<\/span><\/li>\n<\/ul>\n<h5><span style=\"color: #333333;\"><em>DERECHO DE LAS SUCESIONES:<\/em><\/span><\/h5>\n<ul>\n<li><span style=\"color: #000000;\">Sucesiones.<\/span><\/li>\n<\/ul>\n<h5><span style=\"color: #333333;\"><em>DERECHO LABORAL:<\/em><\/span><\/h5>\n<ul>\n<li><span style=\"color: #000000;\">Asistencia en la negociaci\u00f3n de conflictos laborales, representando a nuestros clientes tanto en el \u00e1mbito judicial como extrajudicial.<\/span><\/li>\n<li><span style=\"color: #000000;\">Negociaci\u00f3n y redacci\u00f3n de contratos laborales.<\/span><\/li>\n<\/ul>\n<h5><span style=\"color: #333333;\"><em>DERECHO PREVISIONAL:<\/em><\/span><\/h5>\n<ul>\n<li><span style=\"color: #000000;\">Reparaci\u00f3n Hist\u00f3rica.<\/span><\/li>\n<li><span style=\"color: #000000;\">Jubilaciones y Pensiones.<\/span><\/li>\n<\/ul>\n<h5><span style=\"color: #333333;\"><em>DERECHO PENAL:<\/em><\/span><\/h5>\n<ul>\n<li><span style=\"color: #000000;\">Defensas<\/span><\/li>\n<li><span style=\"color: #000000;\">Querella.<\/span><\/li>\n<\/ul>\n\n\n<h4 class=\"wp-block-heading\"><br><br><\/h4>\n\n\n\n<p><\/p>\n","protected":false},"excerpt":{"rendered":"<p>Nuestros clientes conf\u00edan en nosotros la protecci\u00f3n de sus bienes y patrimonio tanto en el \u00e1mbito familiar como comercial, la relaciones obrero-patronales, las relaciones familiares, la responsabilidad civil por da\u00f1os, el derecho previsional, conflictos penales. Nuestros profesionales en especial, acreditan una probada experiencia en: DERECHO DE DA\u00d1OS: Asesoramiento y representaci\u00f3n en materia de responsabilidad civil [&hellip;]<\/p>\n","protected":false},"author":1,"featured_media":0,"parent":0,"menu_order":0,"comment_status":"closed","ping_status":"closed","template":"","meta":{"footnotes":""},"class_list":["post-9","page","type-page","status-publish","hentry"],"_links":{"self":[{"href":"https:\/\/fernandezcaetano.com\/index.php\/wp-json\/wp\/v2\/pages\/9","targetHints":{"allow":["GET"]}}],"collection":[{"href":"https:\/\/fernandezcaetano.com\/index.php\/wp-json\/wp\/v2\/pages"}],"about":[{"href":"https:\/\/fernandezcaetano.com\/index.php\/wp-json\/wp\/v2\/types\/page"}],"author":[{"embeddable":true,"href":"https:\/\/fernandezcaetano.com\/index.php\/wp-json\/wp\/v2\/users\/1"}],"replies":[{"embeddable":true,"href":"https:\/\/fernandezcaetano.com\/index.php\/wp-json\/wp\/v2\/comments?post=9"}],"version-history":[{"count":26,"href":"https:\/\/fernandezcaetano.com\/index.php\/wp-json\/wp\/v2\/pages\/9\/revisions"}],"predecessor-version":[{"id":449,"href":"https:\/\/fernandezcaetano.com\/index.php\/wp-json\/wp\/v2\/pages\/9\/revisions\/449"}],"wp:attachment":[{"href":"https:\/\/fernandezcaetano.com\/index.php\/wp-json\/wp\/v2\/media?parent=9"}],"curies":[{"name":"wp","href":"https:\/\/api.w.org\/{rel}","templated":true}]}}